{"id":29,"date":"2016-03-16T08:44:12","date_gmt":"2016-03-16T08:44:12","guid":{"rendered":"http:\/\/freiburger-schreibkiste.de\/?page_id=29"},"modified":"2021-03-13T16:51:46","modified_gmt":"2021-03-13T15:51:46","slug":"weiter-schauen","status":"publish","type":"page","link":"https:\/\/freiburger-schreibkiste.de\/?page_id=29","title":{"rendered":"\u00dcberregionales"},"content":{"rendered":"<h4>\u00dcber Freiburg hinaus:<\/h4>\n<h3><strong>\u00dcberregionale Links in subjektiver Auswahl<\/strong><\/h3>\n<p><strong><br \/>\nautorenforum.de<\/strong><br \/>\nUmfangreiche, gut gepflegte Sammlung von Informationen f\u00fcr AutorInnen. Sehr empfehlenswert auch der kostenlose Newsletter (\u201eThe Tempest\u201c), u.a. mit Ausschreibungen und Wettbewerben, Expertentipps, regionalen Treffs und Seminaren, \u201eHall of fame\u201c, Schreibanregungen \u2026 <a href=\"http:\/\/www.autorenforum.de\">www.autorenforum.de<\/a><\/p>\n<p><strong>autorenwelt<\/strong><br \/>\nIn Entstehung begriffene Plattform von und f\u00fcr AutorInnen, mit Informationen und dem Plan, das Ver\u00f6ffentlichen unabh\u00e4ngig von Verlagen und Online-H\u00e4ndlern zu erm\u00f6glichen.<br \/>\n<a href=\"http:\/\/www.autorenwelt.de\">www.autorenwelt.de<\/a><\/p>\n<p><strong>blog by arp<\/strong><br \/>\nBeitr\u00e4ge und Infos f\u00fcr Autoren, zusammengestellt von der Verlegerin Angeline Bauer, Verlag by arp, Grassau.<br \/>\n<a href=\"https:\/\/by-arp.de\/blog-by-arp\/\">https:\/\/by-arp.de\/blog-by-arp\/<\/a><\/p>\n<p><strong>Bundesverband junger Autorinnen und Autoren (BVjA)<\/strong><br \/>\nInformationen f\u00fcr AutorInnen jeden Alters. Mit Mitgliederforum, eigener Literaturzeitschrift, Seminaren, Autorentreffen, Regionalgruppen u.a.<br \/>\n<a href=\"http:\/\/bvja-online.de\/\">http:\/\/bvja-online.de<\/a><\/p>\n<p><strong>Federwelt<\/strong><br \/>\nZeitschrift f\u00fcr Autorinnen und Autoren mit vielen praktischen Tipps und Infos<br \/>\n<a href=\"http:\/\/www.federwelt.de\">www.federwelt.de <\/a><\/p>\n<p><strong>literaturcaf\u00e9.de<\/strong><br \/>\nInformationen, Veranstaltungen, Online-Literaturwerkstatt, Themenforen, Buchkritiken \u2026 <a href=\"http:\/\/www.literaturcaf\u00e9.de\">www.literaturcaf\u00e9.de<\/a><\/p>\n<p><strong>Literaturb\u00fcro Freiburg\/Literaturforum S\u00fcdwest<\/strong><br \/>\nUnter \u201eService\u201c finden Sie zahlreiche \u00fcberregionale Links und Adressen.<br \/>\n<a href=\"http:\/\/www.literaturbuero-freiburg.de\/cms\/Service.6.0.html\">http:\/\/www.literaturbuero-freiburg.de\/cms\/Service.6.0.html<\/a><\/p>\n<p><strong>Monts\u00e9gur Autorenforum<\/strong><br \/>\nForum und Diskussionsplattform f\u00fcr professionelle SchriftstellerInnen. \u00d6ffentlicher Bereich auch f\u00fcr Nichtmitglieder.<br \/>\n<a href=\"http:\/\/autorenforum.montsegur.de\/\">http:\/\/autorenforum.montsegur.de\/<\/a><\/p>\n<p><strong>Schreibwerkst\u00e4tten in Baden-W\u00fcrttemberg<\/strong><br \/>\nBasisnetzwerk der Schreib- und Autorenf\u00f6rderung in BW. <a href=\"http:\/\/www.schreibwerkstaetten.de\">http:\/\/www.schreibwerkstaetten.de<\/a><\/p>\n<p><strong>Verband deutscher Schriftsteller in Verdi<\/strong><br \/>\nVertretung der Interessen\u00a0 von SchriftstellerInnen. Bei Mitgliedschaft u.a. kostenlose Rechtsberatung und Rechtsschutz, Unterst\u00fctzung in steuerlichen Fragen.<br \/>\n<a href=\"http:\/\/www.verband-deutscher-schriftsteller.de\">www.verband-deutscher-schriftsteller.de<\/a><\/p>\n<p><strong>zugetextet.com<\/strong><br \/>\nFeuilleton f\u00fcr Poesie-Sprache-Streit-Kultur. Projekt von Menschen mit einer k\u00fcnstlerischen Ader f\u00fcr Menschen, die viel f\u00fcr Kunst \u00fcbrig haben. Engagierte Mitarbeitende jederzeit gesucht.<br \/>\n<a href=\"http:\/\/www.zugetextet.com\/\">http:\/\/www.zugetextet.com\/<\/a><\/p>\n","protected":false},"excerpt":{"rendered":"<p>\u00dcber Freiburg hinaus: \u00dcberregionale Links in subjektiver Auswahl autorenforum.de Umfangreiche, gut gepflegte Sammlung von Informationen f\u00fcr AutorInnen. Sehr empfehlenswert auch der kostenlose Newsletter (\u201eThe Tempest\u201c), u.a. mit Ausschreibungen und Wettbewerben, Expertentipps, regionalen Treffs und Seminaren, \u201eHall of fame\u201c, Schreibanregungen \u2026&#8230;<\/p>\n","protected":false},"author":1,"featured_media":0,"parent":0,"menu_order":0,"comment_status":"closed","ping_status":"closed","template":"","meta":{"jetpack_post_was_ever_published":false,"footnotes":""},"class_list":["post-29","page","type-page","status-publish","hentry"],"jetpack_sharing_enabled":true,"jetpack_shortlink":"https:\/\/wp.me\/P7mgmt-t","_links":{"self":[{"href":"https:\/\/freiburger-schreibkiste.de\/index.php?rest_route=\/wp\/v2\/pages\/29","targetHints":{"allow":["GET"]}}],"collection":[{"href":"https:\/\/freiburger-schreibkiste.de\/index.php?rest_route=\/wp\/v2\/pages"}],"about":[{"href":"https:\/\/freiburger-schreibkiste.de\/index.php?rest_route=\/wp\/v2\/types\/page"}],"author":[{"embeddable":true,"href":"https:\/\/freiburger-schreibkiste.de\/index.php?rest_route=\/wp\/v2\/users\/1"}],"replies":[{"embeddable":true,"href":"https:\/\/freiburger-schreibkiste.de\/index.php?rest_route=%2Fwp%2Fv2%2Fcomments&post=29"}],"version-history":[{"count":0,"href":"https:\/\/freiburger-schreibkiste.de\/index.php?rest_route=\/wp\/v2\/pages\/29\/revisions"}],"wp:attachment":[{"href":"https:\/\/freiburger-schreibkiste.de\/index.php?rest_route=%2Fwp%2Fv2%2Fmedia&parent=29"}],"curies":[{"name":"wp","href":"https:\/\/api.w.org\/{rel}","templated":true}]}}