{"id":1424,"date":"2017-04-01T11:39:19","date_gmt":"2017-04-01T09:39:19","guid":{"rendered":"http:\/\/freiburger-schreibkiste.de\/?page_id=1424"},"modified":"2017-06-30T09:58:54","modified_gmt":"2017-06-30T07:58:54","slug":"literatenportraets","status":"publish","type":"page","link":"https:\/\/freiburger-schreibkiste.de\/?page_id=1424","title":{"rendered":"Literatenportr\u00e4ts"},"content":{"rendered":"<p>Was w\u00e4re die schreibende Zunft ohne ihre Dienstleister?\u00a0Wo man hinschaut spannende Pers\u00f6nlichkeiten, die Aufmerksamkeit verdient haben! Sie planen und realisieren Lesungen, Schreibwerkst\u00e4tten oder Poetry-Slams. Sie veranstalten Literaturreisen oder -f\u00fchrungen.\u00a0 Publizieren B\u00fccher, bringen ein Literaturmagazin heraus. Korrigieren, lektorieren, \u00fcbersetzen. Rezensieren, berichten oder portr\u00e4tieren. Sie coachen oder arbeiten als Literaturagentin \u2026 Und das alles <strong>in der Region Freiburg<\/strong>.\u00a0 Auch f\u00fcr sie haben wir uns f\u00fcnf Fragen ausgedacht, siehe unten.<\/p>\n<p>Nat\u00fcrlich haben wir selbst schon viele Ideen, wen wir ansprechen wollen. Aber wir freuen uns auch, wenn Sie sich bei uns melden oder jemand empfehlen wollen! Neben der Antworten auf die f\u00fcnf Fragen brauchen wir noch eine <strong>Kurzvita<\/strong> und ein <strong>Bild<\/strong>.<\/p>\n<p><strong>Das Literatenportr\u00e4t<\/strong><\/p>\n<ol>\n<li>Sie sind ein(e) Dienstleister(in) in Sachen Literatur \u2013 aber was machen Sie eigentlich genau?<\/li>\n<\/ol>\n<ol start=\"2\">\n<li>Warum lieben Sie (manchmal), was Sie tun?<\/li>\n<\/ol>\n<ol start=\"3\">\n<li>Welches Buch hat Sie zuletzt beeindruckt? Warum?<\/li>\n<\/ol>\n<ol start=\"4\">\n<li>Wann finden Sie Literatur \u2013 oder auch den Literaturbetrieb \u2013 langweilig?<\/li>\n<\/ol>\n<ol start=\"5\">\n<li>Worauf kommt es Ihrer Erfahrung nach an, um als Autor(in) im heutigen Literaturbetrieb zu bestehen?<\/li>\n<\/ol>\n<p>Haben Sie Lust, uns Auskunft zu geben? M\u00f6chten Sie jemand vorschlagen? Dann schreiben Sie an <a href=\"mailto:redaktion@freiburger-schreibkiste.de\">redaktion@freiburger-schreibkiste.de<\/a> .<\/p>\n<p>&nbsp;<\/p>\n<h4>5 Fragen an &#8230;<br \/>\nMartin Bruch<\/h4>\n<div class=\"entry-content\">\n<div id=\"attachment_1716\" class=\"wp-caption alignleft\"><img loading=\"lazy\" decoding=\"async\" class=\"size-medium wp-image-1716\" src=\"http:\/\/freiburger-schreibkiste.de\/wp-content\/uploads\/2017\/06\/Martin-Bruchmit-Katja-Petrowskaja-image001-300x200.jpg\" sizes=\"auto, (max-width: 300px) 100vw, 300px\" srcset=\"http:\/\/freiburger-schreibkiste.de\/wp-content\/uploads\/2017\/06\/Martin-Bruchmit-Katja-Petrowskaja-image001-300x200.jpg 300w, http:\/\/freiburger-schreibkiste.de\/wp-content\/uploads\/2017\/06\/Martin-Bruchmit-Katja-Petrowskaja-image001-768x512.jpg 768w, http:\/\/freiburger-schreibkiste.de\/wp-content\/uploads\/2017\/06\/Martin-Bruchmit-Katja-Petrowskaja-image001.jpg 1024w, http:\/\/freiburger-schreibkiste.de\/wp-content\/uploads\/2017\/06\/Martin-Bruchmit-Katja-Petrowskaja-image001-600x400.jpg 600w, http:\/\/freiburger-schreibkiste.de\/wp-content\/uploads\/2017\/06\/Martin-Bruchmit-Katja-Petrowskaja-image001-272x182.jpg 272w\" alt=\"\" width=\"300\" height=\"200\" \/><\/p>\n<p class=\"wp-caption-text\"><em>Martin Bruch <\/em><br \/>\n<em>mit der Autorin Katja Petrowskaja<\/em><\/p>\n<\/div>\n<p class=\"ox-bd741cff24-MsoNormal\"><em>Sie sind ein(e) Dienstleister(in) in Sachen Literatur \u2013 aber was machen Sie eigentlich genau?<\/em><br \/>\nWir sind Scouts, Programmmacher, Gastgeber. Doch gerade sorgen wir im Literaturb\u00fcro vor allem daf\u00fcr, dass im Herbst ein neuer Ort f\u00fcr die Pr\u00e4sentation und\u00a0 Produktion zeitgen\u00f6ssischer Literatur er\u00f6ffnet werden kann: das Literaturhaus Freiburg.<\/p>\n<p class=\"ox-bd741cff24-MsoNormal\"><em>Warum lieben Sie (manchmal), was Sie tun?<\/em><br \/>\nWeil ich mich (immerzu!) mit Neuem besch\u00e4ftigen darf und (fast immer!) mit Anregendem: ob das R\u00e4ume sind, die einem B\u00fccher er\u00f6ffnen, oder R\u00e4ume, die ein neues Haus f\u00fcr Literatur ausmachen.<\/p>\n<p class=\"ox-bd741cff24-MsoNormal\"><em>Welches Buch hat Sie zuletzt beeindruckt? Warum?<\/em><br \/>\n\u201eDas erste Buch\u201c, eine Suhrkamp-Anthologie mit Texten von 92 Autorinnen und Autoren, die sich erinnern, zur\u00fcckbl\u00e4ttern und viele erhellende, pers\u00f6nliche Einblicke in ihre Arbeit geben. Marcel Beyer schreibt zum Beispiel von seinem blinden Fleck, Brixton, Ilse Aichinger von einem Debakel, Franzobel von Pickeln und Alexander Kluge \u00fcber verworfene Texte, zu denen er eine besondere Zuneigung hegt \u2013 und dann entl\u00e4sst er kurzerhand zwei solcher verworfenen Lieblinge ins Buch, das wunderbar zu den kurzen Wegen passt, die meine Tage gerade strukturieren.<\/p>\n<p class=\"ox-bd741cff24-MsoNormal\"><em>Wann finden Sie Literatur \u2013 oder auch den Literaturbetrieb \u2013 langweilig?<\/em><br \/>\n\u00dcber die Langeweile habe ich neulich gelesen, <a href=\"http:\/\/sz-magazin.sueddeutsche.de\/texte\/anzeigen\/45649\/Stillstand-irritiert-uns\" target=\"_blank\" rel=\"noopener\">dass es sie erst seit gut 300 Jahren gibt<\/a> \u2013 vielleicht sollten wir ihr noch eine Chance geben.<\/p>\n<p class=\"ox-bd741cff24-MsoNormal\"><em>Worauf kommt es Ihrer Erfahrung nach an, um als Autor(in) im heutigen Literaturbetrieb zu bestehen?<\/em><br \/>\nGute Frage! Wenn es nach mir ginge: die eigene literarische Stimme.<\/p>\n<p class=\"ox-bd741cff24-MsoNormal\"><b>Martin Bruch<\/b>, geboren 1984 in Siegen. Er studierte Kreatives Schreiben und Kulturjournalismus in Hildesheim, Rom und Berlin und war Mitherausgeber der Literaturzeitschrift BELLA triste. Nach T\u00e4tigkeiten im Frankfurter Verlag weissbooks.w und in der Zentrale des Goethe-Instituts leitet er seit 2014 das Literaturb\u00fcro Freiburg.<\/p>\n<\/div>\n<p>&nbsp;<\/p>\n<p>&nbsp;<\/p>\n<h4>5 Fragen an &#8230;<br \/>\nKatharina Kn\u00fcppel<\/h4>\n<article class=\"list-item mail-item mail-detail f6-target focusable expanded\" tabindex=\"0\" data-cid=\"default0\/INBOX.930\" data-loaded=\"true\">\n<section class=\"body user-select-text focusable\" tabindex=\"0\">\n<div class=\"mail-detail-content plain-text noI18n colorQuoted simple-mail\"><em><img loading=\"lazy\" decoding=\"async\" class=\"alignright size-medium wp-image-1543\" src=\"http:\/\/freiburger-schreibkiste.de\/wp-content\/uploads\/2017\/05\/katharina-kn\u00fcppel-200x300.jpg\" alt=\"\" width=\"200\" height=\"300\" srcset=\"https:\/\/freiburger-schreibkiste.de\/wp-content\/uploads\/2017\/05\/katharina-kn\u00fcppel-200x300.jpg 200w, https:\/\/freiburger-schreibkiste.de\/wp-content\/uploads\/2017\/05\/katharina-kn\u00fcppel-768x1154.jpg 768w, https:\/\/freiburger-schreibkiste.de\/wp-content\/uploads\/2017\/05\/katharina-kn\u00fcppel-681x1024.jpg 681w, https:\/\/freiburger-schreibkiste.de\/wp-content\/uploads\/2017\/05\/katharina-kn\u00fcppel-600x902.jpg 600w\" sizes=\"auto, (max-width: 200px) 100vw, 200px\" \/>1. Sie sind eine Dienstleisterin in Sachen Literatur \u2013 aber <\/em><br \/>\n<em>was machen Sie eigentlich genau?<br \/>\n<\/em>Sehr unterschiedliches, das im Regelfall in eine Veranstaltung mit Autorenm\u00fcndet. Vorher passiert aber bereits eine Menge: den Literaturbetrieb beobachten, zu Buchmessen fahren, Texte lesen, mit Verlagen und Autoren korrespondieren, F\u00f6rderantr\u00e4ge stellen, Programmtexte schreiben, Newsletter versenden, St\u00fchle r\u00fccken, Wassergl\u00e4ser bef\u00fcllen. Und danach geht es weiter: St\u00fchle abbauen, Honorare ausbezahlen, die Veranstaltung dokumentieren, den Pressespiegel pflegen \u2013 und die n\u00e4chste Lesung planen. So sieht unser \u201eKerngesch\u00e4ft\u201c aus. Daneben passieren aber noch ganz andere Dinge: T\u00fcrklinken ausw\u00e4hlen f\u00fcr das neue Literaturhaus, das wir im Herbst in der Innenstadt beziehen, im Sommer mit dem Freileser-Fahrrad die Freib\u00e4der ansteuern, Stadtspazierg\u00e4nge mit neu angekommenen und alteigesessenen Freiburgern im Rahmen der internationalen Stadtkarten-Werkstatt \u201eMapping Freiburg\u201c, f\u00fcr die wir gerade eine abschlie\u00dfende Ausstellung im Stadttheater konzipieren \u2026<em>2.Warum lieben Sie (manchmal), was Sie tun?<br \/>\n<\/em>Das h\u00e4ngt mit der Antwort auf Frage 1 zusammen, dem gro\u00dfen Abwechslungsreichtum. Hier im Literaturb\u00fcro gleicht keine Woche der anderen, st\u00e4ndig d\u00fcrfen wir uns mit neuen Texten, neuen literarischen Stimmen, neuen Ideen auseinandersetzen. Das empfinde ich als gro\u00dfes Privileg \u2013 und gro\u00dfe Freude.<\/p>\n<\/div>\n<div class=\"mail-detail-content plain-text noI18n colorQuoted simple-mail\">\n<p><em>3. Welches Buch hat Sie zuletzt beeindruckt? Warum?<br \/>\n<\/em>Der Lyrikband der diesj\u00e4hrigen Peter-Huchel-Preistr\u00e4gerin Orsolya Kal\u00e1sz: Das Eine. Sie zaubert in einfacher, klarer Sprache und ganz ohne Pathos anr\u00fchrende Bilder f\u00fcr die Liebe.<\/p>\n<p><em>4. Wann finden Sie Literatur \u2013 oder auch den Literaturbetrieb \u2013 langweilig?<br \/>\n<\/em>Auch hier kann ich mit Verweis auf Frage 1 antworten: Eigentlich nie.<\/p>\n<p><em>5. Worauf kommt es Ihrer Erfahrung nach an, um als Autor(in) im heutigen Literaturbetrieb zu bestehen?<br \/>\n<\/em>Die Frage wissen Verleger und Agenten sicher anders zu beantworten als Literaturveranstalter. Von unserer Seite bieten wir regelm\u00e4\u00dfig offene Werkst\u00e4tten f\u00fcr \u00dcbersetzer und Schreibende an, die nicht nur der Textarbeit dienen, sondern auch eine Plattform f\u00fcr den Austausch \u00fcber ebendiese Frage bieten.<\/p>\n<\/div>\n<\/section>\n<section class=\"body user-select-text focusable\" tabindex=\"0\">\n<div class=\"mail-detail-content plain-text noI18n colorQuoted simple-mail\">\n<p><strong>Katharina Kn\u00fcppel<\/strong> arbeitet seit Mai 2016 in den Bereichen Programm, Presse und Projekte im Literaturb\u00fcro Freiburg, das sich im Herbst 2017 als Literaturhaus neu erfinden wird. Zuvor hat sie an der LMU M\u00fcnchen ihre Promotion zu Samuel Becketts Nachwirken im 21. Jahrhundert beendet, w\u00e4hrend der sie als freie Lektorin, \u00dcbersetzerin und Redakteurin t\u00e4tig war, u.a. f\u00fcr den Prestel Verlag M\u00fcnchen. Bereits w\u00e4hrend ihres Studiums der F\u00e4cher Komparatistik, Romanische Philologie und Medien- und Kommunikationswissenschaft in G\u00f6ttingen und Lausanne hat sie im Literarischen Zentrum G\u00f6ttingen ein Volontariat im Bereich Literaturmanagement absolviert und im Anschluss in verschiedenen Kulturinstitutionen wie dem Fernsehsender arte, dem Festival LINIEN f\u00fcr Neue Musik und der Galerie Kunsttempel Kassel Erfahrungen gesammelt.<\/p>\n<\/div>\n<\/section>\n<\/article>\n<div class=\"mail-detail-content plain-text noI18n colorQuoted simple-mail\"><\/div>\n<p>&nbsp;<\/p>\n<h4>5 Fragen an &#8230;<br \/>\nMurielle Rousseau<\/h4>\n<div class=\"entry-content\">\n<p><em> <img loading=\"lazy\" decoding=\"async\" class=\"alignright size-full wp-image-1419\" src=\"http:\/\/freiburger-schreibkiste.de\/wp-content\/uploads\/2017\/04\/M.Rousseau.jpg\" alt=\"\" width=\"299\" height=\"132\" \/>Sie sind eine Dienstleisterin in Sachen Literatur \u2013 aber was machen Sie eigentlich genau? <\/em><\/p>\n<p>Wir sind eine auf Kultur \u2013 mit Literatur als Schwerpunkt \u2013 spezialisierte Agentur f\u00fcr PR und verstehen uns als eine \u201eKontaktschmiede\u201c, als Schaltstelle zwischen Verlagen, Kulturinstitutionen oder Museen und dem Markt. Unser Know-How ist Presse- und \u00d6ffentlichkeitsarbeit sowie Textarbeit. Wir transportieren Kultur, Themen und Autoren in die Medien und bringen sie Multiplikatoren nahe. Und dies nicht nur im deutschsprachigen Raum, sondern international. BUCH CONTACT hat an die 20 Mitarbeiter. Ich f\u00fchre die Agentur zusammen mit meiner Agenturpartnerin Ulrike Plessow in zwei B\u00fcros, eines in Freiburg und eines in Berlin. Wir operieren dauerhaft oder projektbezogen f\u00fcr ein Buch oder f\u00fcr ein komplettes Verlags-Programm, f\u00fcr einen einzelnen Autor, f\u00fcr eine ganze Reihe, einen Event, eine Ausstellung, ein Museum oder eine Buchmesse. Wir werden auch gefragt, ob wir im Bereich Buch eine Spezialisierung haben: Nein, denn im Bereich Buch vertreten wir vor der \u00d6ffentlichkeit alle Produkte, die im Buchhandel vertrieben werden, selbstverst\u00e4ndlich auch H\u00f6rb\u00fccher und Non-Books. Dabei sind die klassische Pressearbeit und Veranstaltungen jeder Art wie Pressekonferenzen, Buchpr\u00e4sentationen oder Vortragreisen f\u00fcr uns ein Tagesgesch\u00e4ft. Besonders interessant ist unsere Arbeit f\u00fcr die internationalen Buchmessen, so betreuen wir die PR zur London Book Fair z.B., haben jahrelang die Cookbook Fairs im europ\u00e4ischen und asiatischen Raum betreut und gestalten gerade die PR zum Ehrengast der Frankfurter Buchmesse. Da m\u00fcssen wir viel reisen. Zudem gestalten wir Texte jeder Art und in allen Varianten, Newsletter, Pressetexte und -mitteilungen, Vita-Texte oder Akquisen. In allen diesen Bereichen ist Kreativit\u00e4t sehr wichtig. In der Beratung von Verlagen und Kulturinstitutionen fertigen wir auch Gutachten, Medien-Analysen und Auswertungen \u2013 da ist wiederum Objektivit\u00e4t gefragt. Zu unserem Aufgabenbereich geh\u00f6ren zus\u00e4tzlich auch ab und zu die individuelle Beratung von Autoren und die Ma\u00dfnahmenplanung, erg\u00e4nzend zu dem, was ein Verlag macht.<\/p>\n<p><em> Warum lieben Sie (manchmal), was Sie tun?<\/em><\/p>\n<p>Haupts\u00e4chlich ist es meine Begeisterung f\u00fcr die K\u00fcnste und die Freude am Kommunizieren. Durch die Zusammenarbeit mit Verlagsh\u00e4usern, Museen, Buchmessen und Autoren stehe ich in Kontakt mit spannenden Unternehmen, Einrichtungen, Institutionen und vor allen Dingen den Menschen dahinter. Kein Tag ist wie der andere und jedes Projekt ist eine neue, f\u00fcr mich enorm spannende Herausforderung. Diese Arbeit mache ich seit \u00fcber 25 Jahren und vor ca. 22 Jahren habe ich mich mit der Agentur selbst\u00e4ndig gemacht. Ich freue mich dennoch jeden Tag die Treppe zu unserem B\u00fcro zu nehmen. Und oft, wenn ich ein Buch in die H\u00e4nde bekomme, das wir als Agentur betreut haben, ist es wie Weihnachten. Es ist spannend, konkret daran zu arbeiten, wie aus einem losen Projekt ein Buch wird, zu sehen, wie alle an diesem arbeitenden Abteilungen \u2013 wir mit der Gestaltung der PR \u2013 wie feine R\u00e4dchen zusammenkommen und im Idealfall so funktionieren, dass das Projekt ein Erfolg am Markt wird.<\/p>\n<p><em> Welches Buch hat Sie zuletzt beeindruckt? Warum?<\/em><\/p>\n<p>Gerade habe ich den anspruchsvollen \u201eKompass\u201c von Mathias Enard fertig gelesen. Wir betreuen den Goncourt-Preistr\u00e4ger im Rahmen unserer PR-Aufgaben f\u00fcr Frankreich als Ehrengast der kommenden Frankfurter Buchmesse, eines der gr\u00f6\u00dften Buchbranchen-Projekte, die wir jemals betreut haben, und dazu auch noch eines, das mit meinem Heimatland zu tun hat. Ich betrachte die B\u00fccher als Gesamtes. Ein auch haptisch gut gestaltetes Buch, das auf den Inhalt des Buches abgestimmt ist, beeindruckt mich z. B.. \u00a0Buchformat, Papierart, Klappentext, Farben und Inhalt sind bei Enard gut gelungen.<\/p>\n<p><em> Wann finden Sie Literatur \u2013 oder auch den Literaturbetrieb \u2013 langweilig?<\/em><\/p>\n<p>Im Literaturbetrieb haben wir das Privileg, uns beruflich mit der Literatur und die Welten, die sie \u00f6ffnet zu besch\u00e4ftigen. Wir sind umgeben von Kunst und werden jeden Tag aufs Neue inspiriert. Auch nach mehr als 25 Jahren in der Kultur- &amp; Literaturbranche wei\u00df ich das zu sch\u00e4tzen. Von Langeweile kann nicht die Rede sein, jeder Tag ist anders, der Agenturbetrieb ist schnell, aufregend. Es passiert so viel, spannende Projekte erreichen uns t\u00e4glich, wir reisen viel und wir freuen uns \u00fcber die Presse-Resonanz zu den Literatur- und Kulturprojekten.<\/p>\n<p><em> Worauf kommt es Ihrer Erfahrung nach an, um als Autor(in) im heutigen Literaturbetrieb zu bestehen? <\/em><\/p>\n<p>Ein \u00fcberzeugendes Konzept ist Voraussetzung, mit Abgrenzung zur Konkurrenz, mit schlagenden Argumenten etc. Doch es kommt auf viel mehr an. Die sog. Vermarktung des Buches und die Pr\u00e4senz des Autors in den, auch sozialen, Medien und direkt beim Publikum sind ausschlaggebend. Denn, ob Leipzig oder Paris: Die N\u00e4he zum Publikum sagt dem Autor unmittelbar, wie er ankommt. Wichtig sind auch der Zeitpunkt und das Timing. Es gibt zu jeder Zeit bestimmte Themen, die besondere Aufmerksamkeit genie\u00dfen, da ist es wichtig diesen Zeitpunkt zu nutzen oder eben abzuwarten. Dieses feine Zeitgef\u00fchl, die Vernetzung mit anderen, auch \u00fcber soziale Medien und ein ausgepr\u00e4gtes Marktverst\u00e4ndnis bilden die Grundlage f\u00fcr ein erfolgreiches Bestehen im modernen Literaturbetrieb. Das alles n\u00fctzt aber nichts \u2013 in einem immer konkurrenzbeherrschten Literaturbetrieb \u2013 wenn der Faktor Einmaligkeit nicht existiert. Hier m\u00fcssen Sie sich die Frage stellen: Was macht mein Schreiben, was macht mich als Autor unverwechselbar? Letzten Endes werden immer andere \u00fcber Sie urteilen.<\/p>\n<p><u>Murielle Rousseau<\/u><\/p>\n<p>Agentur-Gr\u00fcnderin, Autorin &amp; Moderatorin, Consultant. Geboren 1966, aufgewachsen in Paris. Lycee International de St.Germain-en-Laye. Studium der Lettres modernes sp\u00e9cialis\u00e9es (Literatur &amp; Medienarbeit), Germanistik, Linguistik und Romanistik in Paris (Sorbonne) und Freiburg.<\/p>\n<p>Berufliche Stationen im Bereich Lektorat, PR und Lizenzen beim Hoffmann &amp; Campe Verlag, Rowohlt Verlag, Oetinger Verlag, Argument Verlag und zuletzt Kellner Verlag, Hamburg. 1995 Gr\u00fcndung der PR-Agentur BUCH CONTACT. Jetzige Standorte Freiburg und Berlin. Gr\u00fcndungsmitglied des \u00fcberregionalen Arbeitskreises Verlagspressesprecher e.V. (AVP) und Leitung der Regionalgruppe S\u00fcdbaden des AVP und Schweiz. Lehrauftr\u00e4ge an der Albert-Ludwig Universit\u00e4t Freiburg im Fachbereich Germanistik zum Thema \u201eKultur-&amp; Verlags-PR\u201c, beim ZfS der Universit\u00e4ten Freiburg und Mannheim sowie als Professeur im Masterstudiengang \u00c9dition an der Universit\u00e9 de Strasbourg. Consultant-Auftr\u00e4ge und Vortr\u00e4ge im In- &amp; Ausland. Autorin seit 2007 mehrerer B\u00fccher im Bereich Lifestyle &amp; Food beim Gerstenberg Verlag, Jacoby &amp; Stuart Verlag sowie Christian Verlag. 2017 erscheinen gleich zwei neue B\u00fccher: \u201eDie geheimen Sch\u00e4tze der franz\u00f6sischen K\u00fcche\u201c beim Busse-Seewald Verlag und ein erz\u00e4hlerisches Buch, \u201eSavoir vivre\u201c, beim Suhrkamp\/Insel Verlag.<\/p>\n<p>Anfangssatz des Lieblingsbuches: \u201eNous \u00e9tions \u00e0 l\u00b4\u00e9tude, quand le Proviseur entra, suivi d\u00b4un nouveau habill\u00e9 en bourgeois et d\u00b4un gar\u00e7on de classe qui portait un grand pupitre. Ceux qui dormaient se r\u00e9veill\u00e8rent, et chacun se leva comme surpris dans son travail.\u201d<br \/>\n(Gustave Flaubert: Madame Bovary)<\/p>\n<p>2017 erscheinen gleich zwei neue B\u00fccher: \u201eDie geheimen Sch\u00e4tze der franz\u00f6sischen K\u00fcche\u201c beim Busse-Seewald Verlag und ein erz\u00e4hlerisches Buch, \u201eSavoir vivre\u201c, beim Suhrkamp\/Insel Verlag.<br \/>\n<a href=\"http:\/\/www.buchcontact.de\">www.buchcontact.de<\/a><\/p>\n<\/div>\n<h4 class=\"post-title entry-title\"><\/h4>\n<p>&nbsp;<\/p>\n<h4>5 Fragen an &#8230;<br \/>\nDoroth\u00e9e Leidig<\/h4>\n<div class=\"entry-content\">\n<div class=\"entry-content\">\n<p><em><img loading=\"lazy\" decoding=\"async\" class=\"alignleft size-medium wp-image-1399\" src=\"http:\/\/freiburger-schreibkiste.de\/wp-content\/uploads\/2017\/03\/Dorothee-Leidig-255x300.jpg\" sizes=\"auto, (max-width: 255px) 100vw, 255px\" srcset=\"http:\/\/freiburger-schreibkiste.de\/wp-content\/uploads\/2017\/03\/Dorothee-Leidig-255x300.jpg 255w, http:\/\/freiburger-schreibkiste.de\/wp-content\/uploads\/2017\/03\/Dorothee-Leidig.jpg 275w\" alt=\"\" width=\"255\" height=\"300\" \/>Sie sind eine Dienstleisterin in Sachen Literatur \u2013 aber was machen Sie eigentlich genau?<\/em><\/p>\n<p>Meine Arbeit kann man in zwei Bereiche unterteilen: in die Einzelarbeit und in die Arbeit mit Gruppen.<br \/>\nIn der Einzelarbeit berate und unterst\u00fctze Menschen bei ihren Schreibprojekten \u2013 vom Gedicht bis zur Doktorarbeit.\u00a0 So verschieden wie die Texte sind auch die Menschen, die sich an mich wenden. Die gemeinsame Arbeit am Text hat deshalb stets eine sehr individuelle Farbe: Die eine braucht mehr Strukturhilfe, der andere ringt mit dem ersten Satz, dem Plot oder der Figurengestaltung, eine Dritte sucht vor allem Motivation und moralische Unterst\u00fctzung, mit wieder einer anderen diskutiere ich sprachliche Feinheiten.<\/p>\n<p>Meine Erfahrung zeigt, dass die allermeisten Menschen \u00fcber weit mehr Potenzial verf\u00fcgen, als ihnen bewusst ist. Deshalb ist es mir wichtig, die AutorInnen auch dabei zu unterst\u00fctzen, ihre eigenen M\u00f6glichkeitsr\u00e4ume zu entdecken und auszuloten, die eigene (Schreib)Stimme zu entfalten, ihr zu vertrauen und so den eigenen Fluss zu finden. Mit der eigenen Kraft zu gehen, statt sich gegen sie abzuarbeiten, erleichtert so vieles. Ein gro\u00dfer Teil der Zusammenarbeit geschieht telefonisch und per E-Mail, mit den meisten AutorInnen treffe ich mich mindestens einmal pers\u00f6nlich; wenn sie in Freiburg und Umgebung wohnen, auch mehrmals oder regelm\u00e4\u00dfig.<\/p>\n<p>Neben der Einzelarbeit steht die Arbeit mit Gruppen: Schreibwerkst\u00e4tten (demn\u00e4chst auch Schreibspazierg\u00e4nge) sowie Bildungsurlaube und Seminare, in denen ich professionelle und kreative Methoden des Schreibens vermittle, wobei mir Individualit\u00e4t und Leichtigkeit sehr wichtig sind. F\u00fcr Bildungsurlaub gibt es \u00fcbrigens seit 2015 auch in Baden-W\u00fcrttemberg 5 Tage Sonderurlaub pro Jahr.<\/p>\n<p><em>Warum lieben Sie (manchmal), was Sie tun?<\/em><\/p>\n<p>Die Vielfalt der Menschen und Texte, die mir bei meiner Arbeit begegnen, begeistert mich immer wieder. Ich empfinde es als ausgesprochen erf\u00fcllende Aufgabe, anderen dabei helfen zu d\u00fcrfen, ihre Potenziale auszusch\u00f6pfen, ihre Kreativit\u00e4t freizusetzen und sie f\u00fcr Sprache zu sensibilisieren. Die handwerklichen Fortschritte zu sehen oder an der Erleichterung teilzuhaben, wenn jemand es geschafft hat, eine Arbeit, die als un\u00fcberwindliche H\u00fcrde schien, rechtzeitig fertig zu bekommen und abzugeben.<\/p>\n<p>Wenn ich am Ende eines Seminars h\u00f6re: \u201eSchade, dass es schon vorbei ist\u201c und die TeilnehmerInnen voller Ideen f\u00fcr ihr Schreiben nach Hause gehen, wei\u00df ich, dass ich genau die richtige Arbeit mache.<\/p>\n<p><em>Welches Buch hat Sie zuletzt beeindruckt? Warum?<\/em><\/p>\n<p>Das war Anfang dieses Jahres John Steinbecks schmales B\u00e4ndchen <em>Von M\u00e4usen und Menschen<\/em>, die Geschichte zweier Wanderarbeiter, die von einem besseren Leben tr\u00e4umen und scheitern. Obwohl die Geschichte schon 80 Jahre alt ist, wirkt sie absolut frisch. Was mich \u2013 bei Steinbeck immer wieder \u2013 beeindruckt, ist die Meisterschaft, mit der er in wenigen S\u00e4tzen und Andeutungen seine Figuren so lebendig, einzigartig und glaubw\u00fcrdig werden l\u00e4sst, dass sie sich ins Ged\u00e4chtnis einbrennen. Steinbeck braucht nichts Spektakul\u00e4res oder Mysteri\u00f6ses, um Spannung aufzubauen und bis zum letzten Moment zu halten.<\/p>\n<p><em>Wann finden Sie Literatur \u2013 oder auch den Literaturbetrieb \u2013 langweilig?<\/em><\/p>\n<p>Ich langweile mich bei B\u00fcchern, die zwar handwerklich sauber wie aus dem Lehrbuch daherkommen, aber nichts zu erz\u00e4hlen haben. Ich langweile mich bei modischen Floskeln, Worth\u00fclsen und Bl\u00e4hw\u00f6rtern, wenn ich die sprachliche und inhaltliche Sorgfalt vermisse oder wenn mir der erhobene Zeigefinger entgegenwinkt.<\/p>\n<p><em>Worauf kommt es Ihrer Erfahrung nach an, um als Autor(in) im heutigen Literaturbetrieb zu bestehen?<\/em><\/p>\n<p>Auf diese Frage habe ich keine allgemeing\u00fcltige Antwort, denn es h\u00e4ngt sehr davon ab, in welchem Genre man bestehen muss oder m\u00f6chte. Der Sachbuchmarkt stellt z.\u00a0B. ganz andere Anforderungen als die Krimi- oder Fantasy-Sparte. Was man sicher immer braucht, sind Durchhalteverm\u00f6gen, solides Handwerkszeug und eine gute Portion Gl\u00fcck.<\/p>\n<p>&nbsp;<\/p>\n<p><strong>Dr. Doroth\u00e9e Leidig<\/strong> unterst\u00fctzt seit 1997 Menschen bei ihren verschiedenen Schreibprojekten, zun\u00e4chst vor allem bei wissenschaftlichen Arbeiten. 2009 sind die literarischen Projekte dazugekommen, die inzwischen den Hauptteil ausmachen. Fachliche Grundlage f\u00fcr ihre Arbeit sind neben der langj\u00e4hrigen T\u00e4tigkeit als Wissenschaftlerin zahlreiche Aus- und Fortbildungen, darunter: Studium der F\u00e4cher Germanistik, Ethnologie, Ur- und Fr\u00fchgeschichte u.\u00a0a.,Promotion in Germanistik, Ausbildung in systemischer Beratung und Fortbildungen in Dramaturgie, Erz\u00e4hltechniken, Textstruktur, Didaktik, Vortragstechnik u.\u00a0a.<br \/>\nZu ihren Ver\u00f6ffentlichungen z\u00e4hlen eine lange Reihe an Sach- und Fachtexten sowie literarische Texte in Literaturzeitschriften und Anthologien. Sie war Stipendiatin des F\u00f6rderkreises deutscher Schriftsteller in Baden-W\u00fcrttemberg und Teilnehmerin des Irseer Pegasus.<br \/>\nMehr Infos unter <a href=\"http:\/\/www.textsieben.de\">http:\/\/www.textsieben.de<\/a><\/p>\n<\/div>\n<\/div>\n<p>&nbsp;<\/p>\n","protected":false},"excerpt":{"rendered":"<p>Was w\u00e4re die schreibende Zunft ohne ihre Dienstleister?\u00a0Wo man hinschaut spannende Pers\u00f6nlichkeiten, die Aufmerksamkeit verdient haben! Sie planen und realisieren Lesungen, Schreibwerkst\u00e4tten oder Poetry-Slams. Sie veranstalten Literaturreisen oder -f\u00fchrungen.\u00a0 Publizieren B\u00fccher, bringen ein Literaturmagazin heraus. Korrigieren, lektorieren, \u00fcbersetzen. Rezensieren, berichten&#8230;<\/p>\n","protected":false},"author":1,"featured_media":0,"parent":0,"menu_order":0,"comment_status":"closed","ping_status":"closed","template":"","meta":{"jetpack_post_was_ever_published":false,"footnotes":""},"class_list":["post-1424","page","type-page","status-publish","hentry"],"jetpack_sharing_enabled":true,"jetpack_shortlink":"https:\/\/wp.me\/P7mgmt-mY","_links":{"self":[{"href":"https:\/\/freiburger-schreibkiste.de\/index.php?rest_route=\/wp\/v2\/pages\/1424","targetHints":{"allow":["GET"]}}],"collection":[{"href":"https:\/\/freiburger-schreibkiste.de\/index.php?rest_route=\/wp\/v2\/pages"}],"about":[{"href":"https:\/\/freiburger-schreibkiste.de\/index.php?rest_route=\/wp\/v2\/types\/page"}],"author":[{"embeddable":true,"href":"https:\/\/freiburger-schreibkiste.de\/index.php?rest_route=\/wp\/v2\/users\/1"}],"replies":[{"embeddable":true,"href":"https:\/\/freiburger-schreibkiste.de\/index.php?rest_route=%2Fwp%2Fv2%2Fcomments&post=1424"}],"version-history":[{"count":0,"href":"https:\/\/freiburger-schreibkiste.de\/index.php?rest_route=\/wp\/v2\/pages\/1424\/revisions"}],"wp:attachment":[{"href":"https:\/\/freiburger-schreibkiste.de\/index.php?rest_route=%2Fwp%2Fv2%2Fmedia&parent=1424"}],"curies":[{"name":"wp","href":"https:\/\/api.w.org\/{rel}","templated":true}]}}